the second derivative of -l**3 + 11*l**2/2 - 11*l. List the prime factors of u(-7).
53
Let x(m) be the third derivative of -7/20*m**6 + 1/24*m**4 + 0 - 1/60*m**5 + 1/3*m**3 + 0*m - m**2. List the prime factors of x(-1).
2, 3, 7
Let b = 1593 + -797. What are the prime factors of b?
2, 199
Let f be (4/(-12) - -3)*(-9)/(-6). Let t be 38/9 - 2/9. Suppose -8 = j + t*c, j - f*c = -0*c + 24. List the prime factors of j.
2
Let d(f) = -f - 14. Let m be d(-6). Let p = m + 29. List the prime factors of p.
3, 7
Suppose -137 = -10*r + 193. What are the prime factors of r?
3, 11
Let g(a) = a**3 - 8*a**2 + 8*a - 6. Let m be g(7). Let k(b) = 42*b**2 - b + 2. What are the prime factors of k(m)?
43
Let u be (0 + -8)*6/(-12). Suppose u*p = -0*p. Let t = p - -2. What are the prime factors of t?
2
Let d(v) = v**2 - 24*v - 71. List the prime factors of d(-3).
2, 5
Let b = -2 + 1. Let d be (4/8)/(b/42). List the prime factors of (2 - d)*(1 + 0).
23
Suppose 198 = -5*m + 948. Let w = -73 + m. List the prime factors of w.
7, 11
Let h(v) = -4*v + 4. Let p be h(-4). Let w = 2 + -2. Suppose -b + w*b + p = 0. What are the prime factors of b?
2, 5
Let d = -13 + 13. Suppose -195 = -5*z - d*z. What are the prime factors of z?
3, 13
Suppose 3*f + v = 13, -4*f - 3*v + 15 = -3*f. Suppose -f*p - 177 = -450. List the prime factors of p.
7, 13
Let r(x) = -3*x - 1. Let u = 1 - 3. Let k be r(u). Suppose -k*n + 268 + 52 = 0. What are the prime factors of n?
2
Let p = 792 + -559. List the prime factors of p.
233
List the prime factors of ((-764)/(-3))/((-32)/(-96)).
2, 191
Suppose -2*y = -y - 210. Suppose 0 = -6*o + 4*o + y. What are the prime factors of o?
3, 5, 7
Suppose 2*d - 5*v = -27, 5 + 64 = -4*d + 5*v. Let a = d + 59. What are the prime factors of a?
2, 19
Let m(w) = -w**2 - 7*w + 39. Let r be m(0). Suppose 3*g + r = 4*t + 1078, -5*t = -5*g + 1735. What are the prime factors of g?
349
Suppose 5*g - 6 = 29. Let u(s) = 6*s**2 + 3*s + 12. List the prime factors of u(g).
3, 109
Let p be 3/(1/4 - 1). List the prime factors of ((-16)/p + -2)*28.
2, 7
Suppose -5*d - 88 = -4*i - 0*i, -2*i + 3*d = -46. Let s(j) = -j**3 + 18*j**2 - 11*j + 7. List the prime factors of s(i).
109
Let c(z) = -221*z + 118 + 12 + 222*z. What are the prime factors of c(0)?
2, 5, 13
Let k = -1165 - -2460. List the prime factors of k.
5, 7, 37
Let y(w) = 157*w - 2. Let a be y(1). Suppose 7*q - a = 664. What are the prime factors of q?
3, 13
Let v(w) = 61*w**2 - 53*w - 7. List the prime factors of v(4).
757
Let z be 0 - 4*(-15)/(-1). Let x be z/(-8)*(0 - -2). List the prime factors of (-80)/x*(-9)/2.
2, 3
Let j be (-6 - -2)*(-6 + -615). Suppose 13*w - w = j. List the prime factors of w.
3, 23
Suppose 3*u = 2*a + 52, 3*u + a - 5*a = 50. Let v = -5 + u. Suppose -v*o = -18*o + 155. List the prime factors of o.
31
Suppose v + 16 = 4*g, 5*v = g - 12 - 11. Suppose g = -0*b + b. Suppose -12 = b*o - 6*o. List the prime factors of o.
2
Let p be 13/((-182)/4) - 338/(-7). Suppose 13*t - p = 10*t. What are the prime factors of t?
2
Let l = 2793 + -1212. List the prime factors of l.
3, 17, 31
Let i(v) = -v**2 + 10*v - 13. Let d be i(8). Let g(s) = -6*s + 28. Let x(f) = -3*f + 14. Let k(w) = d*g(w) - 5*x(w). List the prime factors of k(-6).
2
List the prime factors of 35*-30*99/(-189).
2, 5, 11
Suppose 2*t = 2*a + 8, 0*t + 2*a + 8 = t. Suppose t*v = -2*v - 1640. What are the prime factors of v/30*(-6)/4?
41
Let d = 5 - -7. Let h be d/42 + (-704)/14. Let l = h - -92. What are the prime factors of l?
2, 3, 7
Let j(g) = g**2 - 15*g - 25. Suppose -s + 4 + 16 = 0. List the prime factors of j(s).
3, 5
Suppose 4*c = 3*c + 3. Suppose 6 = -4*v + 2*m, -c*v - 2*m = -0*v - 6. Suppose 2*r - p - 23 = v, -6 + 43 = 3*r - p. What are the prime factors of r?
2, 7
Let d(l) = -59*l. Let f be d(-5). Let k = f + -196. Suppose 0*y + y - w = 26, 3*y + 4*w = k. List the prime factors of y.
29
Let b = -32 - -35. Suppose 3*k - 1917 = -2*i - 353, -k - b*i = -519. List the prime factors of ((-1)/(-1))/(18/k).
29
Let k(p) = -92*p**3 + 2*p**2 + 2*p. Let x be k(-1). Suppose 2*h = -v + 96, 0*v + x = v - 2*h. List the prime factors of v.
2, 47
What are the prime factors of 414 - (-33 + 36 + (-1)/1)?
2, 103
Let a = 124 - 70. Suppose 6*d - 372 = -a. What are the prime factors of d?
53
Let x(c) = c**3 - 3*c**2 - 16*c - 3. Let r(j) = 2*j**2 + 2*j - 5. Let l be r(-3). List the prime factors of x(l).
3
Let m(b) = 69*b - 92. Let l(a) = 1. Let k(i) = -92*l(i) - m(i). What are the prime factors of k(-1)?
3, 23
Let a(u) = -u**3 + u**2 + 2*u - 1. Let l be a(-2). Suppose -4*y - 2*k - 16 = -l*y, 0 = 4*y + 5*k + 17. Suppose -y*r = -18 - 14. List the prime factors of r.
2
Let z(r) = -172*r + 4. Let h be z(-1). Suppose 5*x - h = -2*c, 2*c + 3*c = 3*x + 409. List the prime factors of c.
83
Let s(o) = 11*o**2 - 10*o - 2. Suppose -2*i - 26 = 5*d - 0*d, -i + 5 = -2*d. Let m be s(d). What are the prime factors of m/4 + 15/(-10)?
2, 13
Suppose 9 - 41 = 4*z. What are the prime factors of (z/12)/(3/(-342))?
2, 19
Let q be 1/(2 - 55/25). List the prime factors of 8*80/q*(-2)/2.
2
Let d = -161 + 856. Suppose 0 = -17*a + 1226 + d. What are the prime factors of a?
113
Let d = 31 - 74. Suppose 2*j - 7*j = -4*s + 339, 129 = -2*j - 5*s. Let f = d - j. List the prime factors of f.
2, 3
Let y = 43 + -41. Suppose 2*w = -y*w + 200. List the prime factors of w.
2, 5
Let b be (-24 - -23)*(-3)/1. Suppose b*d = 8*d - 45. What are the prime factors of d?
3
Let r(t) = 129*t - 38. What are the prime factors of r(4)?
2, 239
Suppose -g - 2 - 3 = 0, 250 = 5*k + g. Let l = -21 + 24. Suppose 3*f - l*x - k = 0, 3*f + 4*x - 35 - 37 = 0. What are the prime factors of f?
2, 5
Let n = -15 + 19. Suppose -s = -3*s + 4, 3*s = n*q - 46. Suppose q = f - 28. List the prime factors of f.
41
What are the prime factors of (-55653)/(-65) + (-3)/15?
2, 107
Suppose -4*z + 60 = k - 8*z, k + z = 55. What are the prime factors of k?
2, 7
Let h(t) = -t**3 - 5*t**2 - 2*t - 1. Let r be h(-5). Suppose 0 = r*p - p - 2552. List the prime factors of p.
11, 29
List the prime factors of 3*5/(-45) - 10623/(-9).
2, 5, 59
Let c(q) = -104*q**3 - 2*q - 1. Let y be c(-1). Suppose -3 = o, -4*o = -4*u + u + y. List the prime factors of u.
31
Let a(j) = 3*j - 14 - 1 + 2*j + 7*j. List the prime factors of a(8).
3
Suppose n - 5676 = 3*a, 19935 = 4*n + 4*a - 2801. List the prime factors of n.
2, 3, 947
What are the prime factors of (-10248)/(-98) - 8/14?
2, 13
Let x = 1322 + -292. What are the prime factors of x?
2, 5, 103
Let o = 1011 + 1101. Suppose -8*h = -16*h + o. What are the prime factors of h?
2, 3, 11
Let t(w) = -18*w - 1. Let h be t(-8). Let m = -79 + h. List the prime factors of m.
2
Suppose -17*m = -13*m. Suppose -172 = -3*h + 5*p, m*h + 5*p - 98 = -2*h. List the prime factors of h.
2, 3
Let a = 789 - 329. List the prime factors of a.
2, 5, 23
Let p be 1 - ((-4)/2 - -1). Suppose -146 = -p*r - 4. List the prime factors of r.
71
Let w = -1 - -4. Suppose 7*y - w*o - 635 = 2*y, 3*y = 5*o + 365. Let f = -86 + y. List the prime factors of f.
2, 11
What are the prime factors of (-5 - -3)*(-5627)/34?
331
Let l be (-5 + 5 + 3)*(-5)/(-3). Suppose -l = 8*d - 3*d, 5*t + d - 239 = 0. What are the prime factors of t?
2, 3
Suppose 0 = -4*k - 4*w, -3*w + 0*w - 15 = -2*k. Suppose -x - 13 = -k*y, 0*x - 5*x - 5 = 0. Suppose 0 = -y*j + 3 + 9. What are the prime factors of j?
3
Let l = -76 + 76. List the prime factors of 26/4*(l + 6).
3, 13
Let a be 3/((-9)/(-6)) + -2. Suppose 2*u + 3*j - 91 = a, -2*j = u - 4*j - 42. Let c = 64 - u. List the prime factors of c.
2, 5
Suppose 5*o = 3*u + 48, 23 = -3*o + 6*o + 4*u. List the prime factors of (1 - 7/o) + (-15535)/(-117).
7, 19
Suppose 352 = 2*i + 2*m, -3*i + 3*m - 8*m + 524 = 0. List the prime factors of i.
2, 89
Let y = -20 + 28. Suppose 2*i + y = 3*i - 3*h, 2*h - 33 = -i. List the prime factors of i.
23
Let s = -11 - -15. Let m(o) = -3*o**2 + 2*o - 6. Let h(d) = -10*d**2 + 6*d - 19. Let b(u) = 2*h(u) - 7*m(u). What are the prime factors of b(s)?
2, 3
Let a(m) = m**2 - 9 + 0*m**2 + 3*m + 4. Let w be a(-5). Suppose -q + 1 = 0, -w*q = -3*i - i + 123. List the prime factors of i.
2
Let x(b) be the first derivative of 8*b**3/3 - 2*b**2 + 3*b + 15. List the prime factors of x(4).
5, 23
Suppose -3*p + p + 428 =